 the remainder when 2338084 is divided by 92.
88
What is the remainder when 24345 is divided by 4610?
1295
Calculate the remainder when 5433033 is divided by 7.
4
What is the remainder when 28702248 is divided by 3189135?
33
Calculate the remainder when 88694863 is divided by 29.
16
Calculate the remainder when 1885136 is divided by 145.
136
What is the remainder when 162399 is divided by 1731?
1416
Calculate the remainder when 114745606 is divided by 981.
979
Calculate the remainder when 45971444 is divided by 12418.
8
What is the remainder when 1352491 is divided by 676226?
39
Calculate the remainder when 70051 is divided by 75.
1
What is the remainder when 1013695343 is divided by 1002?
1001
Calculate the remainder when 51206 is divided by 6904.
2878
Calculate the remainder when 831636 is divided by 166063.
1321
What is the remainder when 24568 is divided by 5966?
704
Calculate the remainder when 224251 is divided by 12458.
7
Calculate the remainder when 109628806 is divided by 12180978.
4
What is the remainder when 3646611 is divided by 12?
3
What is the remainder when 1736135 is divided by 1736069?
66
What is the remainder when 2849995406 is divided by 7528?
7526
Calculate the remainder when 165495 is divided by 504.
183
What is the remainder when 2216991 is divided by 1347?
1176
What is the remainder when 19008159 is divided by 3647?
3642
What is the remainder when 10358078 is divided by 22?
16
Calculate the remainder when 297727133 is divided by 74431780.
13
What is the remainder when 25109798 is divided by 7837?
50
Calculate the remainder when 65157 is divided by 31787.
1583
What is the remainder when 161556 is divided by 26915?
66
Calculate the remainder when 301222 is divided by 60182.
312
What is the remainder when 430736 is divided by 4148?
3492
What is the remainder when 206296 is divided by 206197?
99
Calculate the remainder when 3134067 is divided by 6306.
6291
Calculate the remainder when 93182 is divided by 30685.
1127
Calculate the remainder when 200101647 is divided by 9.
3
Calculate the remainder when 3719376 is divided by 699.
696
Calculate the remainder when 21741334 is divided by 18.
16
What is the remainder when 209071 is divided by 68327?
4090
What is the remainder when 13242467 is divided by 10218?
10157
Calculate the remainder when 6005881 is divided by 6005869.
12
Calculate the remainder when 34008373 is divided by 644.
21
Calculate the remainder when 421340 is divided by 13.
10
What is the remainder when 358400 is divided by 134?
84
Calculate the remainder when 17860804 is divided by 1582.
24
Calculate the remainder when 1801965 is divided by 89.
71
What is the remainder when 8846645 is divided by 142?
45
What is the remainder when 33702352 is divided by 100?
52
What is the remainder when 867529 is divided by 1119?
304
What is the remainder when 207884 is divided by 51806?
660
Calculate the remainder when 79874 is divided by 163.
4
What is the remainder when 9513506 is divided by 39?
2
Calculate the remainder when 728547 is divided by 218.
209
What is the remainder when 53924177 is divided by 23?
10
What is the remainder when 5362607 is divided by 49198?
25
What is the remainder when 17588688 is divided by 51?
12
Calculate the remainder when 38618 is divided by 9011.
2574
What is the remainder when 1595558 is divided by 531770?
248
Calculate the remainder when 95197 is divided by 229.
162
Calculate the remainder when 391173428 is divided by 2556689.
11
Calculate the remainder when 311800 is divided by 1667.
71
Calculate the remainder when 1498098 is divided by 599.
598
Calculate the remainder when 1797852 is divided by 1797772.
80
What is the remainder when 31919838 is divided by 1607?
1604
Calculate the remainder when 19010796 is divided by 787.
24
Calculate the remainder when 186708982 is divided by 77.
75
Calculate the remainder when 7864228 is divided by 151.
148
Calculate the remainder when 146271 is divided by 370.
121
What is the remainder when 1305025 is divided by 130494?
85
Calculate the remainder when 120338 is divided by 119500.
838
Calculate the remainder when 383880 is divided by 88.
24
Calculate the remainder when 260477 is divided by 780.
737
Calculate the remainder when 168019 is divided by 516.
319
What is the remainder when 7856997 is divided by 2618975?
72
What is the remainder when 21490 is divided by 177?
73
What is the remainder when 985716057 is divided by 60?
57
Calculate the remainder when 6583148 is divided by 14.
12
What is the remainder when 3025452 is divided by 2432?
44
Calculate the remainder when 220954 is divided by 2420.
734
What is the remainder when 57899 is divided by 14389?
343
Calculate the remainder when 100020 is divided by 260.
180
What is the remainder when 8002700 is divided by 81?
62
Calculate the remainder when 23795 is divided by 1050.
695
Calculate the remainder when 2176479 is divided by 725413.
240
Calculate the remainder when 1598336 is divided by 1621.
30
What is the remainder when 6243229 is divided by 2811?
2809
What is the remainder when 117477 is divided by 16?
5
What is the remainder when 10237748 is divided by 3412579?
11
What is the remainder when 381809064 is divided by 63634842?
12
Calculate the remainder when 149373 is divided by 6220.
93
What is the remainder when 166898601 is divided by 49?
44
What is the remainder when 33051 is divided by 10736?
843
What is the remainder when 163541224 is divided by 24541?
0
Calculate the remainder when 31682 is divided by 3650.
2482
What is the remainder when 2424605 is divided by 37?
32
What is the remainder when 1595524 is divided by 96?
4
Calculate the remainder when 32611 is divided by 362.
31
What is the remainder when 145591 is divided by 4284?
4219
What is the remainder when 78033 is divided by 38869?
295
Calculate the remainder when 8660842 is divided by 7975.
7967
What is the remainder when 48357 is divided by 712?
653
Calculate the remainder when 790369 is divided by 10252.
965
What is the remainder when 3096565 is divided by 134?
93
Calculate the remainder when 24602205 is divided by 813.
12
Calculate the remainder when 45861645 is divided by 357.
354
Calculate the remainder when 4617281 is divided by 1154316.
17
Calculate the remainder when 33469183 is divided by 223.
5
What is the remainder when 480519 is divided by 160168?
15
Calculate the remainder when 671892 is divided by 27994.
36
Calculate the remainder when 679867 is divided by 571.
377
Calculate the remainder when 1045977 is divided by 45.
42
What is the remainder when 323229 is divided by 15380?
249
Calculate the remainder when 807863 is divided by 303.
65
What is the remainder when 288732643 is divided by 3479?
3475
What is the remainder when 184710 is divided by 184?
158
Calculate the remainder when 13507587 is divided by 1591.
1588
Calculate the remainder when 2916128 is divided by 291518.
948
Calculate the remainder when 273216 is divided by 13010.
6
Calculate the remainder when 1840839 is divided by 18.
15
What is the remainder when 2749132773 is divided by 24?
21
What is the remainder when 294333 is divided by 146909?
515
What is the remainder when 51199474 is divided by 13767?
1
What is the remainder when 19835 is divided by 831?
722
Calculate the remainder when 3199 is divided by 567.
364
What is the remainder when 919669 is divided by 49?
37
Calculate the remainder when 15606 is divided by 677.
35
Calculate the remainder when 3483202 is divided by 1669.
1668
What is the remainder when 429776207 is divided by 36?
35
Calculate the remainder when 140691 is divided by 19.
15
What is the remainder when 514202 is divided by 128123?
1710
What is the remainder when 41042 is divided by 10222?
154
What is the remainder when 1534210 is divided by 2706?
2614
What is the remainder when 28404576 is divided by 499?
498
Calculate the remainder when 50461 is divided by 4836.
2101
Calculate the remainder when 7908366 is divided by 406.
298
Calculate the remainder when 179194 is divided by 7466.
10
What is the remainder when 137571 is divided by 3718?
5
What is the remainder when 6642311 is divided by 37527?
32
What is the remainder when 48703 is divided by 316?
39
Calculate the remainder when 13326296 is divided by 442.
438
What is the remainder wh